CRAN Package Check Results for Package OptHoldoutSize

Last updated on 2024-04-18 08:54:39 CEST.

Flavor Version Tinstall Tcheck Ttotal Status Flags
r-devel-linux-x86_64-debian-clang 0.1.0.0 11.25 93.78 105.03 NOTE
r-devel-linux-x86_64-debian-gcc 0.1.0.0 8.49 69.50 77.99 NOTE
r-devel-linux-x86_64-fedora-clang 0.1.0.0 127.46 NOTE
r-devel-linux-x86_64-fedora-gcc 0.1.0.0 164.20 NOTE
r-prerel-macos-arm64 0.1.0.0 51.00 NOTE
r-prerel-windows-x86_64 0.1.0.0 10.00 93.00 103.00 NOTE
r-patched-linux-x86_64 0.1.0.0 8.55 86.47 95.02 NOTE
r-release-linux-x86_64 0.1.0.0 10.70 88.34 99.04 OK
r-release-macos-arm64 0.1.0.0 56.00 OK
r-release-macos-x86_64 0.1.0.0 85.00 OK
r-release-windows-x86_64 0.1.0.0 12.00 112.00 124.00 OK
r-oldrel-macos-arm64 0.1.0.0 43.00 OK
r-oldrel-windows-x86_64 0.1.0.0 13.00 108.00 121.00 OK

Check Details

Version: 0.1.0.0
Check: Rd files
Result: NOTE checkRd: (-1) optimal_holdout_size.Rd:30: Lost braces; missing escapes or markup? 30 | List/data frame of dimension (number of evaluations) x (4 + n_par) containing input data and results. Columns \code{size} and \code{cost} are optimal holdout size and cost at this size respectively. Parameters N, k1, theta.1, theta.2,...,theta.{n_par} are input data. | ^ Flavors: r-devel-linux-x86_64-debian-clang, r-devel-linux-x86_64-debian-gcc, r-devel-linux-x86_64-fedora-clang, r-devel-linux-x86_64-fedora-gcc, r-prerel-macos-arm64, r-prerel-windows-x86_64, r-patched-linux-x86_64