CRAN Package Check Results for Package OpenTreeChronograms

Last updated on 2022-09-27 08:53:22 CEST.

Flavor Version Tinstall Tcheck Ttotal Status Flags
r-devel-linux-x86_64-debian-clang 2022.1.28 12.10 42.62 54.72 OK
r-devel-linux-x86_64-debian-gcc 2022.1.28 12.42 33.10 45.52 OK
r-devel-linux-x86_64-fedora-clang 2022.1.28 84.17 NOTE
r-devel-linux-x86_64-fedora-gcc 2022.1.28 81.84 NOTE
r-devel-windows-x86_64 2022.1.28 192.00 85.00 277.00 OK
r-patched-linux-x86_64 2022.1.28 20.24 41.04 61.28 OK
r-release-linux-x86_64 2022.1.28 13.17 41.16 54.33 OK
r-release-macos-arm64 2022.1.28 37.00 NOTE
r-release-macos-x86_64 2022.1.28 41.00 NOTE
r-release-windows-x86_64 2022.1.28 102.00 76.00 178.00 OK
r-oldrel-macos-arm64 2022.1.28 37.00 NOTE
r-oldrel-macos-x86_64 2022.1.28 43.00 NOTE
r-oldrel-windows-ix86+x86_64 2022.1.28 26.00 72.00 98.00 OK

Check Details

Version: 2022.1.28
Check: data for non-ASCII characters
Result: NOTE
     Note: found 167 marked UTF-8 strings
Flavors: r-devel-linux-x86_64-fedora-clang, r-devel-linux-x86_64-fedora-gcc, r-release-macos-arm64, r-release-macos-x86_64, r-oldrel-macos-arm64, r-oldrel-macos-x86_64