Last updated on 2023-03-25 19:54:10 CET.
Flavor | Version | Tinstall | Tcheck | Ttotal | Status | Flags |
---|---|---|---|---|---|---|
r-devel-linux-x86_64-debian-clang | 1.12 | 11.07 | 83.30 | 94.37 | OK | |
r-devel-linux-x86_64-debian-gcc | 1.12 | 7.39 | 62.40 | 69.79 | OK | |
r-devel-linux-x86_64-fedora-gcc | 1.12 | 120.08 | OK | |||
r-devel-windows-x86_64 | 1.12 | 101.00 | 134.00 | 235.00 | OK | |
r-patched-linux-x86_64 | 1.12 | 10.17 | 74.42 | 84.59 | OK | |
r-release-linux-x86_64 | 1.12 | 10.94 | 74.25 | 85.19 | OK | |
r-release-macos-arm64 | 1.12 | 38.00 | OK | |||
r-release-macos-x86_64 | 1.12 | 45.00 | OK | |||
r-release-windows-x86_64 | 1.12 | 90.00 | 113.00 | 203.00 | OK | |
r-oldrel-macos-arm64 | 1.12 | 39.00 | OK | |||
r-oldrel-macos-x86_64 | 1.12 | 50.00 | OK | |||
r-oldrel-windows-ix86+x86_64 | 1.12 | 21.00 | 107.00 | 128.00 | NOTE |
Version: 1.12
Check: R code for possible problems
Result: NOTE
Initiating curl with CURL_SSL_BACKEND: openssl
Flavor: r-oldrel-windows-ix86+x86_64