CRAN Package Check Results for Package NatureSounds

Last updated on 2022-12-07 19:53:06 CET.

Flavor Version Tinstall Tcheck Ttotal Status Flags
r-devel-linux-x86_64-debian-clang 1.0.4 4.93 27.47 32.40 OK
r-devel-linux-x86_64-debian-gcc 1.0.4 3.69 22.27 25.96 OK
r-devel-linux-x86_64-fedora-clang 1.0.4 51.65 NOTE
r-devel-linux-x86_64-fedora-gcc 1.0.4 62.04 NOTE
r-devel-windows-x86_64 1.0.4 38.00 61.00 99.00 NOTE
r-patched-linux-x86_64 1.0.4 4.55 26.44 30.99 OK
r-release-linux-x86_64 1.0.4 4.40 27.47 31.87 OK
r-release-macos-arm64 1.0.4 19.00 NOTE
r-release-macos-x86_64 1.0.4 28.00 NOTE
r-release-windows-x86_64 1.0.4 23.00 67.00 90.00 NOTE
r-oldrel-macos-arm64 1.0.4 24.00 NOTE
r-oldrel-macos-x86_64 1.0.4 33.00 NOTE
r-oldrel-windows-ix86+x86_64 1.0.4 10.00 54.00 64.00 NOTE

Check Details

Version: 1.0.4
Check: installed package size
Result: NOTE
     installed size is 5.8Mb
     sub-directories of 1Mb or more:
     data 4.0Mb
     doc 1.7Mb
Flavors: r-devel-linux-x86_64-fedora-clang, r-devel-windows-x86_64, r-release-macos-arm64, r-release-macos-x86_64, r-release-windows-x86_64, r-oldrel-macos-arm64, r-oldrel-macos-x86_64, r-oldrel-windows-ix86+x86_64

Version: 1.0.4
Check: dependencies in R code
Result: NOTE
    Namespace in Imports field not imported from: ‘tuneR’
     All declared Imports should be used.
Flavors: r-devel-linux-x86_64-fedora-clang, r-devel-linux-x86_64-fedora-gcc, r-release-macos-arm64, r-release-macos-x86_64, r-oldrel-macos-arm64, r-oldrel-macos-x86_64