Last updated on 2025-01-18 19:49:14 CET.
Flavor | Version | Tinstall | Tcheck | Ttotal | Status | Flags |
---|---|---|---|---|---|---|
r-devel-linux-x86_64-debian-clang | 0.13.5 | 186.14 | 106.04 | 292.18 | OK | |
r-devel-linux-x86_64-debian-gcc | 0.13.5 | 123.00 | 68.68 | 191.68 | OK | |
r-devel-linux-x86_64-fedora-clang | 0.13.5 | 572.81 | OK | |||
r-devel-linux-x86_64-fedora-gcc | 0.13.5 | 605.32 | OK | |||
r-devel-windows-x86_64 | 0.13.5 | 178.00 | 145.00 | 323.00 | OK | |
r-patched-linux-x86_64 | 0.13.5 | 182.24 | 98.66 | 280.90 | OK | |
r-release-linux-x86_64 | 0.13.5 | 182.70 | 99.27 | 281.97 | OK | |
r-release-macos-arm64 | 0.13.5 | 112.00 | NOTE | |||
r-release-macos-x86_64 | 0.13.5 | 115.00 | NOTE | |||
r-release-windows-x86_64 | 0.13.5 | 176.00 | 143.00 | 319.00 | OK | |
r-oldrel-macos-arm64 | 0.13.5 | 93.00 | NOTE | |||
r-oldrel-macos-x86_64 | 0.13.5 | 170.00 | NOTE | |||
r-oldrel-windows-x86_64 | 0.13.5 | 229.00 | 172.00 | 401.00 | OK |
Version: 0.13.5
Check: installed package size
Result: NOTE
installed size is 7.3Mb
sub-directories of 1Mb or more:
libs 6.6Mb
Flavors: r-release-macos-arm64, r-release-macos-x86_64, r-oldrel-macos-arm64, r-oldrel-macos-x86_64