Last updated on 2023-04-01 08:55:47 CEST.
Flavor | Version | Tinstall | Tcheck | Ttotal | Status | Flags |
---|---|---|---|---|---|---|
r-devel-linux-x86_64-debian-clang | 2.0.3 | 9.25 | 129.46 | 138.71 | NOTE | |
r-devel-linux-x86_64-debian-gcc | 2.0.3 | 8.32 | 95.02 | 103.34 | NOTE | |
r-devel-linux-x86_64-fedora-clang | 2.0.3 | 171.01 | NOTE | |||
r-devel-linux-x86_64-fedora-gcc | 2.0.3 | 215.55 | NOTE | |||
r-devel-windows-x86_64 | 2.0.3 | 252.00 | 210.00 | 462.00 | OK | |
r-patched-linux-x86_64 | 2.0.3 | 12.40 | 119.35 | 131.75 | NOTE | |
r-release-linux-x86_64 | 2.0.3 | 11.62 | 120.44 | 132.06 | NOTE | |
r-release-macos-arm64 | 2.0.3 | 103.00 | OK | |||
r-release-macos-x86_64 | 2.0.3 | 232.00 | OK | |||
r-release-windows-x86_64 | 2.0.3 | 259.00 | 207.00 | 466.00 | OK | |
r-oldrel-macos-arm64 | 2.0.3 | 158.00 | OK | |||
r-oldrel-macos-x86_64 | 2.0.3 | 201.00 | OK | |||
r-oldrel-windows-ix86+x86_64 | 2.0.3 | 23.00 | 170.00 | 193.00 | OK |
Version: 2.0.3
Check: package dependencies
Result: NOTE
Package which this enhances but not available for checking: ‘MortalityLaws’
Flavors: r-devel-linux-x86_64-debian-clang, r-devel-linux-x86_64-debian-gcc, r-devel-linux-x86_64-fedora-clang, r-devel-linux-x86_64-fedora-gcc, r-patched-linux-x86_64, r-release-linux-x86_64