CRAN Package Check Results for Package MomTrunc

Last updated on 2022-11-28 06:50:16 CET.

Flavor Version Tinstall Tcheck Ttotal Status Flags
r-devel-linux-x86_64-debian-clang 6.0 73.67 86.15 159.82 OK
r-devel-linux-x86_64-debian-gcc 6.0 62.07 64.64 126.71 OK
r-devel-linux-x86_64-fedora-clang 6.0 233.24 OK
r-devel-linux-x86_64-fedora-gcc 6.0 217.84 OK
r-devel-windows-x86_64 6.0 79.00 128.00 207.00 OK
r-patched-linux-x86_64 6.0 65.63 81.79 147.42 OK
r-release-linux-x86_64 6.0 58.58 82.54 141.12 OK
r-release-macos-arm64 6.0 56.00 NOTE
r-release-macos-x86_64 6.0 68.00 NOTE
r-release-windows-x86_64 6.0 83.00 132.00 215.00 OK
r-oldrel-macos-arm64 6.0 47.00 NOTE
r-oldrel-macos-x86_64 6.0 68.00 NOTE
r-oldrel-windows-ix86+x86_64 6.0 150.00 131.00 281.00 OK

Check Details

Version: 6.0
Check: installed package size
Result: NOTE
     installed size is 7.4Mb
     sub-directories of 1Mb or more:
     libs 6.8Mb
Flavors: r-release-macos-arm64, r-release-macos-x86_64, r-oldrel-macos-arm64, r-oldrel-macos-x86_64