CRAN Package Check Results for Package ModStatR

Last updated on 2022-11-16 08:02:57 CET.

Flavor Version Tinstall Tcheck Ttotal Status Flags
r-devel-linux-x86_64-debian-clang 1.3.1 NOTE
r-devel-linux-x86_64-debian-gcc 1.3.1 6.35 30.90 37.25 NOTE
r-devel-linux-x86_64-fedora-clang 1.3.1 71.87 NOTE
r-devel-linux-x86_64-fedora-gcc 1.3.1 70.52 NOTE
r-devel-windows-x86_64 1.3.1 31.00 73.00 104.00 NOTE
r-patched-linux-x86_64 1.3.1 7.90 37.25 45.15 OK
r-release-linux-x86_64 1.3.1 7.95 37.27 45.22 OK
r-release-macos-arm64 1.3.1 23.00 NOTE
r-release-macos-x86_64 1.3.1 33.00 NOTE
r-release-windows-x86_64 1.3.1 34.00 69.00 103.00 OK
r-oldrel-macos-arm64 1.3.1 31.00 NOTE
r-oldrel-macos-x86_64 1.3.1 43.00 NOTE
r-oldrel-windows-ix86+x86_64 1.3.1 14.00 65.00 79.00 OK

Check Details

Version: 1.3.1
Check: Rd files
Result: NOTE
    checkRd: (-1) polypes.Rd:17: Escaped LaTeX specials: \&
Flavors: r-devel-linux-x86_64-debian-clang, r-devel-linux-x86_64-debian-gcc, r-devel-linux-x86_64-fedora-clang, r-devel-linux-x86_64-fedora-gcc, r-devel-windows-x86_64

Version: 1.3.1
Check: data for non-ASCII characters
Result: NOTE
     Note: found 20578 marked UTF-8 strings
Flavors: r-devel-linux-x86_64-fedora-clang, r-devel-linux-x86_64-fedora-gcc, r-release-macos-arm64, r-release-macos-x86_64, r-oldrel-macos-arm64, r-oldrel-macos-x86_64

Version: 1.3.1
Check: installed package size
Result: NOTE
     installed size is 5.3Mb
     sub-directories of 1Mb or more:
     data 5.0Mb
Flavors: r-release-macos-arm64, r-oldrel-macos-arm64