CRAN Package Check Results for Package MixTwice

Last updated on 2022-12-05 07:53:46 CET.

Flavor Version Tinstall Tcheck Ttotal Status Flags
r-devel-linux-x86_64-debian-clang 2.0 2.46 29.14 31.60 OK
r-devel-linux-x86_64-debian-gcc 2.0 1.80 22.49 24.29 OK
r-devel-linux-x86_64-fedora-clang 2.0 51.74 NOTE
r-devel-linux-x86_64-fedora-gcc 2.0 48.58 NOTE
r-devel-windows-x86_64 2.0 8.00 64.00 72.00 OK
r-patched-linux-x86_64 2.0 2.76 28.11 30.87 OK
r-release-linux-x86_64 2.0 2.63 28.09 30.72 OK
r-release-macos-arm64 2.0 19.00 NOTE
r-release-macos-x86_64 2.0 25.00 NOTE
r-release-windows-x86_64 2.0 13.00 57.00 70.00 OK
r-oldrel-macos-arm64 2.0 19.00 NOTE
r-oldrel-macos-x86_64 2.0 23.00 NOTE
r-oldrel-windows-ix86+x86_64 2.0 6.00 57.00 63.00 OK

Check Details

Version: 2.0
Check: dependencies in R code
Result: NOTE
    Namespaces in Imports field not imported from:
     ‘ashr’ ‘fdrtool’
     All declared Imports should be used.
Flavors: r-devel-linux-x86_64-fedora-clang, r-devel-linux-x86_64-fedora-gcc, r-release-macos-arm64, r-release-macos-x86_64, r-oldrel-macos-arm64, r-oldrel-macos-x86_64