Last updated on 2023-03-22 19:53:31 CET.
Flavor | Version | Tinstall | Tcheck | Ttotal | Status | Flags |
---|---|---|---|---|---|---|
r-devel-linux-x86_64-debian-clang | 0.1.2 | 5.65 | 228.78 | 234.43 | NOTE | |
r-devel-linux-x86_64-debian-gcc | 0.1.2 | 4.27 | 162.68 | 166.95 | NOTE | |
r-devel-linux-x86_64-fedora-clang | 0.1.2 | 274.32 | NOTE | |||
r-devel-linux-x86_64-fedora-gcc | 0.1.2 | 301.32 | NOTE | |||
r-devel-windows-x86_64 | 0.1.2 | 16.00 | 259.00 | 275.00 | NOTE | |
r-patched-linux-x86_64 | 0.1.2 | 5.54 | 223.03 | 228.57 | NOTE | |
r-release-linux-x86_64 | 0.1.2 | 5.52 | 222.21 | 227.73 | NOTE | |
r-release-macos-arm64 | 0.1.2 | 75.00 | NOTE | |||
r-release-macos-x86_64 | 0.1.2 | 127.00 | NOTE | |||
r-release-windows-x86_64 | 0.1.2 | 14.00 | 260.00 | 274.00 | NOTE | |
r-oldrel-macos-arm64 | 0.1.2 | 116.00 | NOTE | |||
r-oldrel-macos-x86_64 | 0.1.2 | 125.00 | NOTE | |||
r-oldrel-windows-ix86+x86_64 | 0.1.2 | 14.00 | 293.00 | 307.00 | NOTE |
Version: 0.1.2
Check: LazyData
Result: NOTE
'LazyData' is specified without a 'data' directory
Flavors: r-devel-linux-x86_64-debian-clang, r-devel-linux-x86_64-debian-gcc, r-devel-linux-x86_64-fedora-clang, r-devel-linux-x86_64-fedora-gcc, r-devel-windows-x86_64, r-patched-linux-x86_64, r-release-linux-x86_64, r-release-macos-arm64, r-release-macos-x86_64, r-release-windows-x86_64, r-oldrel-macos-arm64, r-oldrel-macos-x86_64, r-oldrel-windows-ix86+x86_64
Version: 0.1.2
Check: dependencies in R code
Result: NOTE
Namespace in Imports field not imported from: ‘rlang’
All declared Imports should be used.
Flavors: r-devel-linux-x86_64-fedora-clang, r-devel-linux-x86_64-fedora-gcc, r-release-macos-arm64, r-release-macos-x86_64, r-oldrel-macos-arm64, r-oldrel-macos-x86_64