CRAN Package Check Results for Package Microsoft365R

Last updated on 2022-11-29 19:06:50 CET.

Flavor Version Tinstall Tcheck Ttotal Status Flags
r-devel-linux-x86_64-debian-clang 2.3.4 17.77 50.62 68.39 OK
r-devel-linux-x86_64-debian-gcc 2.3.4 16.27 39.93 56.20 OK
r-devel-linux-x86_64-fedora-clang 2.3.4 106.02 NOTE
r-devel-linux-x86_64-fedora-gcc 2.3.4 115.28 NOTE
r-devel-windows-x86_64 2.3.4 38.00 93.00 131.00 OK
r-patched-linux-x86_64 2.3.4 21.03 47.07 68.10 OK
r-release-linux-x86_64 2.3.4 15.29 42.81 58.10 OK
r-release-macos-arm64 2.3.4 29.00 NOTE
r-release-macos-x86_64 2.3.4 50.00 NOTE
r-release-windows-x86_64 2.3.4 68.00 85.00 153.00 OK
r-oldrel-macos-arm64 2.3.4 30.00 NOTE
r-oldrel-macos-x86_64 2.3.4 42.00 NOTE
r-oldrel-windows-ix86+x86_64 2.3.4 29.00 87.00 116.00 OK

Check Details

Version: 2.3.4
Check: dependencies in R code
Result: NOTE
    Namespaces in Imports field not imported from:
     ‘R6’ ‘curl’ ‘jsonlite’ ‘vctrs’
     All declared Imports should be used.
Flavors: r-devel-linux-x86_64-fedora-clang, r-devel-linux-x86_64-fedora-gcc, r-release-macos-arm64, r-release-macos-x86_64, r-oldrel-macos-arm64, r-oldrel-macos-x86_64