CRAN Package Check Results for Package MiSPU

Last updated on 2025-01-18 19:49:13 CET.

Flavor Version Tinstall Tcheck Ttotal Status Flags
r-devel-linux-x86_64-debian-clang 1.0 29.56 82.63 112.19 OK
r-devel-linux-x86_64-debian-gcc 1.0 22.23 60.17 82.40 OK
r-devel-linux-x86_64-fedora-clang 1.0 193.61 NOTE
r-devel-linux-x86_64-fedora-gcc 1.0 187.66 NOTE
r-devel-windows-x86_64 1.0 30.00 112.00 142.00 OK
r-patched-linux-x86_64 1.0 28.32 76.03 104.35 OK
r-release-linux-x86_64 1.0 31.42 76.09 107.51 OK
r-release-macos-arm64 1.0 50.00 OK
r-release-macos-x86_64 1.0 71.00 OK
r-release-windows-x86_64 1.0 31.00 111.00 142.00 OK
r-oldrel-macos-arm64 1.0 65.00 OK
r-oldrel-macos-x86_64 1.0 115.00 OK
r-oldrel-windows-x86_64 1.0 36.00 135.00 171.00 OK

Check Details

Version: 1.0
Check: compiled code
Result: NOTE File ‘MiSPU/libs/MiSPU.so’: Found no calls to: ‘R_registerRoutines’, ‘R_useDynamicSymbols’ It is good practice to register native routines and to disable symbol search. See ‘Writing portable packages’ in the ‘Writing R Extensions’ manual. Flavors: r-devel-linux-x86_64-fedora-clang, r-devel-linux-x86_64-fedora-gcc