Last updated on 2023-03-28 08:54:54 CEST.
Flavor | Version | Tinstall | Tcheck | Ttotal | Status | Flags |
---|---|---|---|---|---|---|
r-devel-linux-x86_64-debian-clang | 1.0.2 | 0.39 | 1.73 | 2.12 | ERROR | |
r-devel-linux-x86_64-debian-gcc | 1.0.2 | 32.22 | 249.59 | 281.81 | OK | |
r-devel-linux-x86_64-fedora-clang | 1.0.2 | 476.14 | OK | |||
r-devel-linux-x86_64-fedora-gcc | 1.0.2 | 467.80 | OK | |||
r-patched-linux-x86_64 | 1.0.2 | 37.51 | 312.15 | 349.66 | OK | |
r-release-linux-x86_64 | 1.0.2 | 27.81 | 308.16 | 335.97 | OK | |
r-release-macos-arm64 | 1.0.2 | 127.00 | OK | |||
r-release-macos-x86_64 | 1.0.2 | 156.00 | OK | |||
r-release-windows-x86_64 | 1.0.2 | 57.00 | 338.00 | 395.00 | OK |
Version: 1.0.2
Check: package dependencies
Result: ERROR
Package required but not available: ‘biomaRt’
See section ‘The DESCRIPTION file’ in the ‘Writing R Extensions’
manual.
Flavor: r-devel-linux-x86_64-debian-clang