Last updated on 2025-01-18 19:49:11 CET.
Flavor | Version | Tinstall | Tcheck | Ttotal | Status | Flags |
---|---|---|---|---|---|---|
r-devel-linux-x86_64-debian-clang | 1.0.2 | 36.87 | 301.17 | 338.04 | OK | |
r-devel-linux-x86_64-debian-gcc | 1.0.2 | 21.52 | 188.99 | 210.51 | OK | |
r-devel-linux-x86_64-fedora-clang | 1.0.2 | 573.01 | OK | |||
r-devel-linux-x86_64-fedora-gcc | 1.0.2 | 557.40 | OK | |||
r-devel-windows-x86_64 | 1.0.2 | 32.00 | 221.00 | 253.00 | OK | |
r-patched-linux-x86_64 | 1.0.2 | 28.99 | 277.44 | 306.43 | OK | |
r-release-linux-x86_64 | 1.0.2 | 28.05 | 273.79 | 301.84 | OK | |
r-release-macos-arm64 | 1.0.2 | 130.00 | OK | |||
r-release-macos-x86_64 | 1.0.2 | 195.00 | OK | |||
r-release-windows-x86_64 | 1.0.2 | 31.00 | 220.00 | 251.00 | OK | |
r-oldrel-macos-arm64 | 1.0.2 | 145.00 | NOTE | |||
r-oldrel-macos-x86_64 | 1.0.2 | 223.00 | NOTE | |||
r-oldrel-windows-x86_64 | 1.0.2 | 39.00 | 301.00 | 340.00 | OK |
Version: 1.0.2
Check: package dependencies
Result: NOTE
Package suggested but not available for checking: ‘BiocCheck’
Flavors: r-oldrel-macos-arm64, r-oldrel-macos-x86_64