CRAN Package Check Results for Package MSiP

Last updated on 2022-11-16 08:02:58 CET.

Flavor Version Tinstall Tcheck Ttotal Status Flags
r-devel-linux-x86_64-debian-clang 1.3.7 OK
r-devel-linux-x86_64-debian-gcc 1.3.7 15.03 252.78 267.81 OK
r-devel-linux-x86_64-fedora-clang 1.3.7 437.13 NOTE
r-devel-linux-x86_64-fedora-gcc 1.3.7 434.19 NOTE
r-devel-windows-x86_64 1.3.7 22.00 304.00 326.00 OK
r-patched-linux-x86_64 1.3.7 16.99 334.64 351.63 OK
r-release-linux-x86_64 1.3.7 14.98 332.96 347.94 OK
r-release-macos-arm64 1.3.7 96.00 NOTE
r-release-macos-x86_64 1.3.7 176.00 NOTE
r-release-windows-x86_64 1.3.7 25.00 314.00 339.00 OK
r-oldrel-macos-arm64 1.3.7 107.00 NOTE
r-oldrel-macos-x86_64 1.3.7 124.00 NOTE
r-oldrel-windows-ix86+x86_64 1.3.7 42.00 320.00 362.00 OK

Check Details

Version: 1.3.7
Check: dependencies in R code
Result: NOTE
    Namespace in Imports field not imported from: ‘ranger’
     All declared Imports should be used.
Flavors: r-devel-linux-x86_64-fedora-clang, r-devel-linux-x86_64-fedora-gcc, r-release-macos-arm64, r-release-macos-x86_64, r-oldrel-macos-arm64, r-oldrel-macos-x86_64