CRAN Package Check Results for Package MM2S

Last updated on 2022-11-16 08:02:57 CET.

Flavor Version Tinstall Tcheck Ttotal Status Flags
r-devel-linux-x86_64-debian-clang 1.0.6 NOTE
r-devel-linux-x86_64-debian-gcc 1.0.6 39.55 376.70 416.25 NOTE
r-devel-linux-x86_64-fedora-clang 1.0.6 684.48 NOTE
r-devel-linux-x86_64-fedora-gcc 1.0.6 716.65 NOTE
r-devel-windows-x86_64 1.0.6 58.00 511.00 569.00 OK
r-patched-linux-x86_64 1.0.6 46.74 468.38 515.12 NOTE
r-release-linux-x86_64 1.0.6 36.06 464.72 500.78 NOTE
r-release-macos-arm64 1.0.6 170.00 OK
r-release-macos-x86_64 1.0.6 243.00 OK
r-release-windows-x86_64 1.0.6 55.00 544.00 599.00 OK
r-oldrel-macos-arm64 1.0.6 245.00 OK
r-oldrel-macos-x86_64 1.0.6 376.00 OK
r-oldrel-windows-ix86+x86_64 1.0.6 96.00 484.00 580.00 OK

Check Details

Version: 1.0.6
Check: for non-standard things in the check directory
Result: NOTE
    Found the following files/directories:
     'MM2S_Predictions_Heatmap.pdf' 'MM2S_Predictions_StackedBarplot.pdf'
Flavors: r-devel-linux-x86_64-debian-clang, r-devel-linux-x86_64-debian-gcc, r-devel-linux-x86_64-fedora-clang, r-devel-linux-x86_64-fedora-gcc, r-patched-linux-x86_64, r-release-linux-x86_64