CRAN Package Check Results for Package MEGENA

Last updated on 2022-12-03 07:56:40 CET.

Flavor Version Tinstall Tcheck Ttotal Status Flags
r-devel-linux-x86_64-debian-clang 1.3.7 42.97 221.93 264.90 NOTE
r-devel-linux-x86_64-debian-gcc 1.3.7 37.02 160.92 197.94 NOTE
r-devel-linux-x86_64-fedora-clang 1.3.7 353.69 NOTE
r-devel-linux-x86_64-fedora-gcc 1.3.7 355.92 NOTE
r-devel-windows-x86_64 1.3.7 130.00 302.00 432.00 OK
r-patched-linux-x86_64 1.3.7 29.58 206.46 236.04 NOTE
r-release-linux-x86_64 1.3.7 28.93 210.19 239.12 NOTE
r-release-macos-arm64 1.3.7 109.00 OK
r-release-macos-x86_64 1.3.7 175.00 OK
r-release-windows-x86_64 1.3.7 121.00 298.00 419.00 OK
r-oldrel-macos-arm64 1.3.7 169.00 OK
r-oldrel-macos-x86_64 1.3.7 217.00 OK
r-oldrel-windows-ix86+x86_64 1.3.7 105.00 337.00 442.00 OK

Check Details

Version: 1.3.7
Check: for non-standard things in the check directory
Result: NOTE
    Found the following files/directories:
     'Data_Correlation.txt' 'correlation_FDR_table.txt'
Flavors: r-devel-linux-x86_64-debian-clang, r-devel-linux-x86_64-debian-gcc, r-devel-linux-x86_64-fedora-clang, r-devel-linux-x86_64-fedora-gcc, r-patched-linux-x86_64, r-release-linux-x86_64