CRAN Package Check Results for Package MAPITR

Last updated on 2024-02-23 07:52:13 CET.

Flavor Version Tinstall Tcheck Ttotal Status Flags
r-devel-linux-x86_64-debian-clang 1.1.2 NOTE
r-devel-linux-x86_64-debian-gcc 1.1.2 33.10 41.18 74.28 NOTE
r-devel-linux-x86_64-fedora-clang 1.1.2 120.75 NOTE
r-devel-linux-x86_64-fedora-gcc 1.1.2 141.44 NOTE
r-devel-windows-x86_64 1.1.2 32.00 85.00 117.00 NOTE
r-patched-linux-x86_64 1.1.2 46.07 52.23 98.30 NOTE
r-release-linux-x86_64 1.1.2 36.33 52.13 88.46 NOTE
r-release-macos-arm64 1.1.2 50.00 NOTE
r-release-macos-x86_64 1.1.2 76.00 NOTE
r-release-windows-x86_64 1.1.2 41.00 93.00 134.00 NOTE
r-oldrel-macos-arm64 1.1.2 43.00 OK
r-oldrel-windows-x86_64 1.1.2 40.00 94.00 134.00 OK

Check Details

Version: 1.1.2
Check: C++ specification
Result: NOTE Specified C++11: please drop specification unless essential Flavors: r-devel-linux-x86_64-debian-clang, r-devel-linux-x86_64-debian-gcc, r-devel-linux-x86_64-fedora-clang, r-devel-linux-x86_64-fedora-gcc, r-devel-windows-x86_64, r-patched-linux-x86_64, r-release-linux-x86_64, r-release-macos-arm64, r-release-macos-x86_64, r-release-windows-x86_64