Last updated on 2023-03-28 08:54:54 CEST.
Flavor | Version | Tinstall | Tcheck | Ttotal | Status | Flags |
---|---|---|---|---|---|---|
r-devel-linux-x86_64-debian-clang | 2.6.2 | 255.79 | 178.50 | 434.29 | WARN | |
r-devel-linux-x86_64-debian-gcc | 2.6.2 | 188.04 | 129.12 | 317.16 | OK | |
r-devel-linux-x86_64-fedora-clang | 2.6.2 | 629.10 | WARN | |||
r-devel-linux-x86_64-fedora-gcc | 2.6.2 | 567.89 | OK | |||
r-patched-linux-x86_64 | 2.6.2 | 213.40 | 166.42 | 379.82 | OK | |
r-release-linux-x86_64 | 2.6.2 | 185.78 | 163.22 | 349.00 | OK | |
r-release-macos-arm64 | 2.6.2 | 122.00 | NOTE | |||
r-release-macos-x86_64 | 2.6.2 | 204.00 | NOTE | |||
r-release-windows-x86_64 | 2.6.2 | 299.00 | 238.00 | 537.00 | NOTE | |
r-oldrel-macos-arm64 | 2.6.2 | 125.00 | NOTE | |||
r-oldrel-macos-x86_64 | 2.6.2 | 152.00 | NOTE | |||
r-oldrel-windows-ix86+x86_64 | 2.6.2 | 562.00 | 262.00 | 824.00 | NOTE |
Version: 2.6.2
Check: whether package can be installed
Result: WARN
Found the following significant warnings:
CEMGauss.cpp:160:52: warning: variable 'minlregval' is uninitialized when used here [-Wuninitialized]
CEMGauss.cpp:161:52: warning: variable 'maxlregval' is uninitialized when used here [-Wuninitialized]
See ‘/home/hornik/tmp/R.check/r-devel-clang/Work/PKGS/MAINT.Data.Rcheck/00install.out’ for details.
* used C++ compiler: ‘Debian clang version 15.0.6’
Flavor: r-devel-linux-x86_64-debian-clang
Version: 2.6.2
Check: whether package can be installed
Result: WARN
Found the following significant warnings:
CEMGauss.cpp:160:52: warning: variable 'minlregval' is uninitialized when used here [-Wuninitialized]
CEMGauss.cpp:161:52: warning: variable 'maxlregval' is uninitialized when used here [-Wuninitialized]
See ‘/data/gannet/ripley/R/packages/tests-clang/MAINT.Data.Rcheck/00install.out’ for details.
* used C++ compiler: ‘clang version 16.0.0’
Flavor: r-devel-linux-x86_64-fedora-clang
Version: 2.6.2
Check: installed package size
Result: NOTE
installed size is 9.7Mb
sub-directories of 1Mb or more:
R 2.0Mb
data 2.3Mb
libs 5.1Mb
Flavors: r-release-macos-arm64, r-release-macos-x86_64, r-release-windows-x86_64, r-oldrel-macos-arm64, r-oldrel-macos-x86_64, r-oldrel-windows-ix86+x86_64