CRAN Package Check Results for Package LongCART

Last updated on 2024-04-14 08:53:27 CEST.

Flavor Version Tinstall Tcheck Ttotal Status Flags
r-devel-linux-x86_64-debian-clang 3.2 16.73 128.79 145.52 NOTE
r-devel-linux-x86_64-debian-gcc 3.2 12.30 91.16 103.46 NOTE
r-devel-linux-x86_64-fedora-clang 3.2 183.14 NOTE
r-devel-linux-x86_64-fedora-gcc 3.2 168.49 NOTE
r-devel-windows-x86_64 3.2 15.00 104.00 119.00 NOTE
r-patched-linux-x86_64 3.2 13.98 118.95 132.93 NOTE
r-release-linux-x86_64 3.2 15.08 122.03 137.11 OK
r-release-macos-arm64 3.2 54.00 OK
r-release-macos-x86_64 3.2 84.00 OK
r-release-windows-x86_64 3.2 18.00 125.00 143.00 OK
r-oldrel-macos-arm64 3.2 54.00 OK
r-oldrel-windows-x86_64 3.2 19.00 130.00 149.00 OK

Check Details

Version: 3.2
Check: Rd files
Result: NOTE checkRd: (-1) ProfilePlot.Rd:16: Lost braces 16 | \item{timevar.power}{Mandatory when the fixed part of the fitted model contains term as time with power not equal to 1. For example, if fixed part of the model is t + sqrt{t} + cov1, then specify \code{c(1, 0.5, NA}. If fixed part of the model is t + t^2 + cov1, then specify \code{c(1, 2, NA)}.} | ^ checkRd: (-1) StabCat.surv.Rd:34: Lost braces; missing escapes or markup? 34 | Lognormal distribution: f(t)=(1/t)*(1/sqrt(2*pi*sigma^2))*exp[-(1/2)*{(log(t)-mu)/sigma}^2] | ^ checkRd: (-1) StabCat.surv.Rd:36: Lost braces; missing escapes or markup? 36 | Normal distribution: f(t)=(1/sqrt(2*pi*sigma^2))*exp[-(1/2)*{(t-mu)/sigma}^2] | ^ checkRd: (-1) StabCont.surv.Rd:34: Lost braces; missing escapes or markup? 34 | Lognormal distribution: f(t)=(1/t)*(1/sqrt(2*pi*sigma^2))*exp[-(1/2)*{(log(t)-mu)/sigma}^2] | ^ checkRd: (-1) StabCont.surv.Rd:36: Lost braces; missing escapes or markup? 36 | Normal distribution: f(t)=(1/sqrt(2*pi*sigma^2))*exp[-(1/2)*{(t-mu)/sigma}^2] | ^ checkRd: (-1) SurvCART.Rd:36: Lost braces; missing escapes or markup? 36 | Lognormal distribution: f(t)=(1/t)*(1/sqrt(2*pi*sigma^2))*exp[-(1/2)*{(log(t)-mu)/sigma}^2] | ^ checkRd: (-1) SurvCART.Rd:38: Lost braces; missing escapes or markup? 38 | Normal distribution: f(t)=(1/sqrt(2*pi*sigma^2))*exp[-(1/2)*{(t-mu)/sigma}^2] | ^ checkRd: (-1) succ_ia.Rd:39: Lost braces 39 | \item{sd.ia}{Standard deviation of estimated mean difference (in one-sample continuous case) or estimated mean (in two-sample continuous case) at interim analysis. If \code{stderr.ia} is specified, then the value of \code{sd.ia} is ignored. If code{stderr.ia} is not specified, then mandatory for continuous case.} | ^ Flavors: r-devel-linux-x86_64-debian-clang, r-devel-linux-x86_64-debian-gcc, r-devel-linux-x86_64-fedora-clang, r-devel-linux-x86_64-fedora-gcc, r-devel-windows-x86_64, r-patched-linux-x86_64