Last updated on 2023-12-01 07:50:09 CET.
Flavor | Version | Tinstall | Tcheck | Ttotal | Status | Flags |
---|---|---|---|---|---|---|
r-devel-linux-x86_64-debian-clang | 3.0.3 | 28.25 | 152.42 | 180.67 | NOTE | |
r-devel-linux-x86_64-debian-gcc | 3.0.3 | 25.41 | 112.68 | 138.09 | NOTE | |
r-devel-linux-x86_64-fedora-clang | 3.0.3 | 226.94 | NOTE | |||
r-devel-linux-x86_64-fedora-gcc | 3.0.3 | 225.24 | NOTE | |||
r-devel-windows-x86_64 | 3.0.3 | 28.00 | 152.00 | 180.00 | NOTE | |
r-patched-linux-x86_64 | 3.0.3 | 20.86 | 145.18 | 166.04 | OK | |
r-release-linux-x86_64 | 3.0.3 | 19.34 | 144.58 | 163.92 | OK | |
r-release-macos-arm64 | 3.0.3 | 62.00 | OK | |||
r-release-macos-x86_64 | 3.0.3 | 101.00 | OK | |||
r-release-windows-x86_64 | 3.0.3 | 38.00 | 178.00 | 216.00 | OK | |
r-oldrel-macos-arm64 | 3.0.3 | 52.00 | OK | |||
r-oldrel-macos-x86_64 | 3.0.3 | 100.00 | OK | |||
r-oldrel-windows-x86_64 | 3.0.3 | 35.00 | 149.00 | 184.00 | OK |
Version: 3.0.3
Check: Rd \usage sections
Result: NOTE
Documented arguments not in \usage in Rd file 'MassAcylCer.Rd':
‘glccer’
Documented arguments not in \usage in Rd file 'MassPEo.Rd':
‘PEp’
Documented arguments not in \usage in Rd file 'findMS2precursor.Rd':
‘minint’ ‘maxint’
Documented arguments not in \usage in Rd file 'joinAnnotationResults.Rd':
‘simplifyAnnotation’
Functions with \usage entries need to have the appropriate \alias
entries, and all their arguments documented.
The \usage entries must correspond to syntactically valid R code.
See chapter ‘Writing R documentation files’ in the ‘Writing R
Extensions’ manual.
Flavors: r-devel-linux-x86_64-debian-clang, r-devel-linux-x86_64-debian-gcc, r-devel-linux-x86_64-fedora-clang, r-devel-linux-x86_64-fedora-gcc, r-devel-windows-x86_64