CRAN Package Check Results for Package LPRelevance

Last updated on 2022-09-27 08:53:20 CEST.

Flavor Version Tinstall Tcheck Ttotal Status Flags
r-devel-linux-x86_64-debian-clang 3.3 21.91 162.64 184.55 OK
r-devel-linux-x86_64-debian-gcc 3.3 16.19 120.68 136.87 OK
r-devel-linux-x86_64-fedora-clang 3.3 232.62 OK
r-devel-linux-x86_64-fedora-gcc 3.3 226.83 OK
r-devel-windows-x86_64 3.3 34.00 175.00 209.00 OK
r-patched-linux-x86_64 3.3 18.46 152.64 171.10 NOTE
r-release-linux-x86_64 3.3 13.15 153.49 166.64 NOTE
r-release-macos-arm64 3.3 66.00 OK
r-release-macos-x86_64 3.3 81.00 OK
r-release-windows-x86_64 3.3 34.00 173.00 207.00 OK
r-oldrel-macos-arm64 3.3 55.00 OK
r-oldrel-macos-x86_64 3.3 81.00 OK
r-oldrel-windows-ix86+x86_64 3.3 44.00 170.00 214.00 OK

Check Details

Version: 3.3
Check: DESCRIPTION meta-information
Result: NOTE
    Dependence on R version ‘4.0.3’ not with patchlevel 0
Flavors: r-patched-linux-x86_64, r-release-linux-x86_64