Last updated on 2023-04-01 08:55:44 CEST.
Flavor | Version | Tinstall | Tcheck | Ttotal | Status | Flags |
---|---|---|---|---|---|---|
r-devel-linux-x86_64-debian-clang | 0.1.15 | 16.11 | 150.61 | 166.72 | OK | |
r-devel-linux-x86_64-debian-gcc | 0.1.15 | 10.75 | 107.65 | 118.40 | OK | |
r-devel-linux-x86_64-fedora-clang | 0.1.15 | 204.74 | NOTE | |||
r-devel-linux-x86_64-fedora-gcc | 0.1.15 | 206.24 | NOTE | |||
r-devel-windows-x86_64 | 0.1.15 | 54.00 | 0.00 | 54.00 | OK | |
r-patched-linux-x86_64 | 0.1.15 | 20.70 | 137.92 | 158.62 | OK | |
r-release-linux-x86_64 | 0.1.15 | 10.02 | 136.85 | 146.87 | OK | |
r-release-macos-arm64 | 0.1.15 | 66.00 | NOTE | |||
r-release-macos-x86_64 | 0.1.15 | 89.00 | NOTE | |||
r-release-windows-x86_64 | 0.1.15 | 29.00 | 204.00 | 233.00 | OK | |
r-oldrel-macos-arm64 | 0.1.15 | 66.00 | NOTE | |||
r-oldrel-macos-x86_64 | 0.1.15 | 83.00 | NOTE | |||
r-oldrel-windows-ix86+x86_64 | 0.1.15 | 31.00 | 175.00 | 206.00 | OK |
Version: 0.1.15
Check: dependencies in R code
Result: NOTE
Namespaces in Imports field not imported from:
‘MASS’ ‘boot’ ‘fds’ ‘rpart’
All declared Imports should be used.
Flavors: r-devel-linux-x86_64-fedora-clang, r-devel-linux-x86_64-fedora-gcc, r-release-macos-arm64, r-release-macos-x86_64, r-oldrel-macos-arm64, r-oldrel-macos-x86_64