Last updated on 2023-03-22 07:57:36 CET.
Flavor | Version | Tinstall | Tcheck | Ttotal | Status | Flags |
---|---|---|---|---|---|---|
r-devel-linux-x86_64-debian-clang | 1.0 | 41.11 | 78.16 | 119.27 | NOTE | |
r-devel-linux-x86_64-debian-gcc | 1.0 | 32.66 | 60.00 | 92.66 | NOTE | |
r-devel-linux-x86_64-fedora-clang | 1.0 | 156.48 | NOTE | |||
r-devel-linux-x86_64-fedora-gcc | 1.0 | 155.38 | NOTE | |||
r-devel-windows-x86_64 | 1.0 | 47.00 | 133.00 | 180.00 | NOTE | |
r-patched-linux-x86_64 | 1.0 | 36.07 | 75.77 | 111.84 | OK | |
r-release-linux-x86_64 | 1.0 | 27.89 | 75.25 | 103.14 | OK | |
r-release-macos-arm64 | 1.0 | 39.00 | NOTE | |||
r-release-macos-x86_64 | 1.0 | 53.00 | NOTE | |||
r-release-windows-x86_64 | 1.0 | 46.00 | 128.00 | 174.00 | NOTE | |
r-oldrel-macos-arm64 | 1.0 | 35.00 | NOTE | |||
r-oldrel-macos-x86_64 | 1.0 | 52.00 | NOTE | |||
r-oldrel-windows-ix86+x86_64 | 1.0 | 103.00 | 160.00 | 263.00 | NOTE |
Version: 1.0
Check: C++ specification
Result: NOTE
Specified C++11: please drop specification unless essential
Flavors: r-devel-linux-x86_64-debian-clang, r-devel-linux-x86_64-debian-gcc, r-devel-linux-x86_64-fedora-clang, r-devel-linux-x86_64-fedora-gcc, r-devel-windows-x86_64
Version: 1.0
Check: installed package size
Result: NOTE
installed size is 5.9Mb
sub-directories of 1Mb or more:
extdata 5.5Mb
Flavors: r-devel-linux-x86_64-fedora-clang, r-devel-windows-x86_64, r-release-macos-arm64, r-release-macos-x86_64, r-release-windows-x86_64, r-oldrel-macos-arm64, r-oldrel-macos-x86_64, r-oldrel-windows-ix86+x86_64
Version: 1.0
Check: R code for possible problems
Result: NOTE
Initiating curl with CURL_SSL_BACKEND: openssl
Flavor: r-oldrel-windows-ix86+x86_64