CRAN Package Check Results for Package IGoRRR

Last updated on 2022-12-02 19:49:41 CET.

Flavor Version Tinstall Tcheck Ttotal Status Flags
r-devel-linux-x86_64-debian-clang 0.3.2 17.38 107.62 125.00 OK
r-devel-linux-x86_64-debian-gcc 0.3.2 16.25 79.16 95.41 OK
r-devel-linux-x86_64-fedora-clang 0.3.2 168.79 NOTE
r-devel-linux-x86_64-fedora-gcc 0.3.2 155.19 OK
r-devel-windows-x86_64 0.3.2 34.00 128.00 162.00 OK
r-patched-linux-x86_64 0.3.2 19.02 99.25 118.27 OK
r-release-linux-x86_64 0.3.2 15.87 102.75 118.62 OK
r-release-macos-arm64 0.3.2 43.00 OK
r-release-macos-x86_64 0.3.2 69.00 OK
r-release-windows-x86_64 0.3.2 49.00 132.00 181.00 OK
r-oldrel-macos-arm64 0.3.2 43.00 OK
r-oldrel-macos-x86_64 0.3.2 55.00 OK
r-oldrel-windows-ix86+x86_64 0.3.2 42.00 127.00 169.00 OK

Check Details

Version: 0.3.2
Check: package dependencies
Result: NOTE
    Imports includes 30 non-default packages.
    Importing from so many packages makes the package vulnerable to any of
    them becoming unavailable. Move as many as possible to Suggests and
    use conditionally.
Flavor: r-devel-linux-x86_64-fedora-clang