Last updated on 2022-08-08 20:53:49 CEST.
Flavor | Version | Tinstall | Tcheck | Ttotal | Status | Flags |
---|---|---|---|---|---|---|
r-devel-linux-x86_64-debian-clang | 0.1.5 | 69.87 | 140.44 | 210.31 | NOTE | |
r-devel-linux-x86_64-debian-gcc | 0.1.5 | 57.00 | 102.17 | 159.17 | NOTE | |
r-devel-linux-x86_64-fedora-clang | 0.1.5 | 279.60 | NOTE | |||
r-devel-linux-x86_64-fedora-gcc | 0.1.5 | 272.02 | NOTE | |||
r-devel-windows-x86_64 | 0.1.5 | 117.00 | 166.00 | 283.00 | NOTE | |
r-patched-linux-x86_64 | 0.1.5 | 64.93 | 127.87 | 192.80 | NOTE | |
r-release-linux-x86_64 | 0.1.5 | NOTE | ||||
r-release-macos-arm64 | 0.1.5 | 76.00 | NOTE | |||
r-release-macos-x86_64 | 0.1.5 | 84.00 | NOTE | |||
r-release-windows-x86_64 | 0.1.5 | 123.00 | 173.00 | 296.00 | NOTE | |
r-oldrel-macos-arm64 | 0.1.5 | 75.00 | NOTE | |||
r-oldrel-macos-x86_64 | 0.1.5 | 83.00 | NOTE | |||
r-oldrel-windows-ix86+x86_64 | 0.1.5 | 146.00 | 178.00 | 324.00 | NOTE |
Version: 0.1.5
Check: package dependencies
Result: NOTE
Package suggested but not available for checking: 'IFCdata'
Flavors: r-devel-linux-x86_64-debian-clang, r-devel-linux-x86_64-debian-gcc, r-devel-linux-x86_64-fedora-clang, r-devel-linux-x86_64-fedora-gcc, r-devel-windows-x86_64, r-patched-linux-x86_64, r-release-linux-x86_64, r-release-macos-arm64, r-release-macos-x86_64, r-release-windows-x86_64, r-oldrel-macos-arm64, r-oldrel-macos-x86_64, r-oldrel-windows-ix86+x86_64
Version: 0.1.5
Check: installed package size
Result: NOTE
installed size is 5.3Mb
sub-directories of 1Mb or more:
libs 3.6Mb
Flavors: r-devel-linux-x86_64-fedora-clang, r-release-macos-arm64, r-release-macos-x86_64, r-oldrel-macos-arm64, r-oldrel-macos-x86_64