CRAN Package Check Results for Package ICcforest

Last updated on 2022-12-07 19:53:03 CET.

Flavor Version Tinstall Tcheck Ttotal Status Flags
r-devel-linux-x86_64-debian-clang 0.5.1 10.44 109.06 119.50 NOTE
r-devel-linux-x86_64-debian-gcc 0.5.1 7.99 78.52 86.51 NOTE
r-devel-linux-x86_64-fedora-clang 0.5.1 154.23 NOTE
r-devel-linux-x86_64-fedora-gcc 0.5.1 149.69 NOTE
r-devel-windows-x86_64 0.5.1 14.00 133.00 147.00 NOTE
r-patched-linux-x86_64 0.5.1 9.56 98.09 107.65 NOTE
r-release-linux-x86_64 0.5.1 10.27 100.10 110.37 NOTE
r-release-macos-arm64 0.5.1 51.00 NOTE
r-release-macos-x86_64 0.5.1 80.00 NOTE
r-release-windows-x86_64 0.5.1 17.00 127.00 144.00 NOTE
r-oldrel-macos-arm64 0.5.1 53.00 NOTE
r-oldrel-macos-x86_64 0.5.1 78.00 NOTE
r-oldrel-windows-ix86+x86_64 0.5.1 22.00 127.00 149.00 NOTE

Check Details

Version: 0.5.1
Check: LazyData
Result: NOTE
     'LazyData' is specified without a 'data' directory
Flavors: r-devel-linux-x86_64-debian-clang, r-devel-linux-x86_64-debian-gcc, r-devel-linux-x86_64-fedora-clang, r-devel-linux-x86_64-fedora-gcc, r-devel-windows-x86_64, r-patched-linux-x86_64, r-release-linux-x86_64, r-release-macos-arm64, r-release-macos-x86_64, r-release-windows-x86_64, r-oldrel-macos-arm64, r-oldrel-macos-x86_64, r-oldrel-windows-ix86+x86_64

Version: 0.5.1
Check: package dependencies
Result: NOTE
    Package suggested but not available for checking: ‘LTRCtrees’
Flavors: r-release-macos-arm64, r-oldrel-macos-arm64

Version: 0.5.1
Check: Rd cross-references
Result: NOTE
    Package unavailable to check Rd xrefs: ‘LTRCtrees’
Flavors: r-release-macos-arm64, r-oldrel-macos-arm64