CRAN Package Check Results for Package HardyWeinberg

Last updated on 2022-08-09 20:53:50 CEST.

Flavor Version Tinstall Tcheck Ttotal Status Flags
r-devel-linux-x86_64-debian-clang 1.7.5 46.39 213.65 260.04 NOTE
r-devel-linux-x86_64-debian-gcc 1.7.5 35.68 158.15 193.83 NOTE
r-devel-linux-x86_64-fedora-clang 1.7.5 331.55 NOTE
r-devel-linux-x86_64-fedora-gcc 1.7.5 314.41 NOTE
r-devel-windows-x86_64 1.7.5 170.00 286.00 456.00 NOTE
r-patched-linux-x86_64 1.7.5 27.82 202.12 229.94 OK
r-release-linux-x86_64 1.7.5 OK
r-release-macos-arm64 1.7.5 116.00 OK
r-release-macos-x86_64 1.7.5 174.00 OK
r-release-windows-x86_64 1.7.5 174.00 286.00 460.00 OK
r-oldrel-macos-arm64 1.7.5 115.00 OK
r-oldrel-macos-x86_64 1.7.5 164.00 OK
r-oldrel-windows-ix86+x86_64 1.7.5 100.00 298.00 398.00 OK

Check Details

Version: 1.7.5
Check: Rd files
Result: NOTE
    checkRd: (-1) HWAlr.Rd:25: Escaped LaTeX specials: \&
    checkRd: (-1) HWAlrPlot.Rd:25: Escaped LaTeX specials: \&
    checkRd: (-1) HWClr.Rd:23: Escaped LaTeX specials: \&
    checkRd: (-1) HWClrPlot.Rd:25: Escaped LaTeX specials: \&
    checkRd: (-1) HWIlr.Rd:30: Escaped LaTeX specials: \&
    checkRd: (-1) HWf.Rd:25: Escaped LaTeX specials: \&
Flavors: r-devel-linux-x86_64-debian-clang, r-devel-linux-x86_64-debian-gcc, r-devel-linux-x86_64-fedora-clang, r-devel-linux-x86_64-fedora-gcc, r-devel-windows-x86_64