CRAN Package Check Results for Package GpGp

Last updated on 2022-10-03 20:52:04 CEST.

Flavor Version Tinstall Tcheck Ttotal Status Flags
r-devel-linux-x86_64-debian-clang 0.4.0 72.37 85.71 158.08 OK
r-devel-linux-x86_64-debian-gcc 0.4.0 60.22 55.39 115.61 OK
r-devel-linux-x86_64-fedora-clang 0.4.0 218.25 OK
r-devel-linux-x86_64-fedora-gcc 0.4.0 202.52 OK
r-devel-windows-x86_64 0.4.0 80.00 136.00 216.00 OK
r-patched-linux-x86_64 0.4.0 66.46 72.42 138.88 OK
r-release-linux-x86_64 0.4.0 64.63 69.70 134.33 OK
r-release-macos-arm64 0.4.0 50.00 NOTE
r-release-macos-x86_64 0.4.0 67.00 NOTE
r-release-windows-x86_64 0.4.0 94.00 126.00 220.00 OK
r-oldrel-macos-arm64 0.4.0 56.00 NOTE
r-oldrel-macos-x86_64 0.4.0 77.00 NOTE
r-oldrel-windows-ix86+x86_64 0.4.0 166.00 153.00 319.00 OK

Check Details

Version: 0.4.0
Check: installed package size
Result: NOTE
     installed size is 8.2Mb
     sub-directories of 1Mb or more:
     data 1.4Mb
     libs 6.4Mb
Flavors: r-release-macos-arm64, r-release-macos-x86_64, r-oldrel-macos-arm64, r-oldrel-macos-x86_64