CRAN Package Check Results for Package GWSDAT

Last updated on 2022-12-03 07:56:37 CET.

Flavor Version Tinstall Tcheck Ttotal Status Flags
r-devel-linux-x86_64-debian-clang 3.1.1 51.80 390.71 442.51 NOTE
r-devel-linux-x86_64-debian-gcc 3.1.1 38.30 286.67 324.97 NOTE
r-devel-linux-x86_64-fedora-clang 3.1.1 559.45 NOTE
r-devel-linux-x86_64-fedora-gcc 3.1.1 539.79 NOTE
r-devel-windows-x86_64 3.1.1 64.00 359.00 423.00 NOTE
r-patched-linux-x86_64 3.1.1 48.53 378.04 426.57 OK
r-release-linux-x86_64 3.1.1 45.90 382.60 428.50 OK
r-release-macos-arm64 3.1.1 93.00 OK
r-release-macos-x86_64 3.1.1 216.00 OK
r-release-windows-x86_64 3.1.1 61.00 382.00 443.00 OK
r-oldrel-macos-arm64 3.1.1 91.00 OK
r-oldrel-macos-x86_64 3.1.1 140.00 OK
r-oldrel-windows-ix86+x86_64 3.1.1 98.00 360.00 458.00 OK

Check Details

Version: 3.1.1
Check: package subdirectories
Result: NOTE
    Problems with news in 'NEWS.md':
    No news entries found.
Flavors: r-devel-linux-x86_64-debian-clang, r-devel-linux-x86_64-debian-gcc, r-devel-linux-x86_64-fedora-clang, r-devel-linux-x86_64-fedora-gcc, r-devel-windows-x86_64

Version: 3.1.1
Check: package dependencies
Result: NOTE
    Imports includes 21 non-default packages.
    Importing from so many packages makes the package vulnerable to any of
    them becoming unavailable. Move as many as possible to Suggests and
    use conditionally.
Flavor: r-devel-linux-x86_64-fedora-clang