Last updated on 2023-03-25 19:54:05 CET.
Flavor | Version | Tinstall | Tcheck | Ttotal | Status | Flags |
---|---|---|---|---|---|---|
r-devel-linux-x86_64-debian-clang | 3.1.8 | 4.13 | 35.87 | 40.00 | OK | |
r-devel-linux-x86_64-debian-gcc | 3.1.8 | 2.90 | 27.51 | 30.41 | OK | |
r-devel-linux-x86_64-fedora-gcc | 3.1.8 | 57.03 | OK | |||
r-devel-windows-x86_64 | 3.1.8 | 20.00 | 65.00 | 85.00 | OK | |
r-patched-linux-x86_64 | 3.1.8 | 3.64 | 34.88 | 38.52 | OK | |
r-release-linux-x86_64 | 3.1.8 | 3.01 | 35.73 | 38.74 | OK | |
r-release-macos-arm64 | 3.1.8 | 21.00 | OK | |||
r-release-macos-x86_64 | 3.1.8 | 30.00 | OK | |||
r-release-windows-x86_64 | 3.1.8 | 16.00 | 69.00 | 85.00 | OK | |
r-oldrel-macos-arm64 | 3.1.8 | 24.00 | OK | |||
r-oldrel-macos-x86_64 | 3.1.8 | 33.00 | OK | |||
r-oldrel-windows-ix86+x86_64 | 3.1.8 | 8.00 | 62.00 | 70.00 | NOTE |
Version: 3.1.8
Check: dependencies in R code
Result: NOTE
Initiating curl with CURL_SSL_BACKEND: openssl
Flavor: r-oldrel-windows-ix86+x86_64