CRAN Package Check Results for Package GMMAT

Last updated on 2024-02-23 07:52:10 CET.

Flavor Version Tinstall Tcheck Ttotal Status Flags
r-devel-linux-x86_64-debian-clang 1.4.2 OK
r-devel-linux-x86_64-debian-gcc 1.4.2 51.38 258.77 310.15 OK
r-devel-linux-x86_64-fedora-clang 1.4.2 413.54 NOTE
r-devel-linux-x86_64-fedora-gcc 1.4.2 535.89 OK
r-devel-windows-x86_64 1.4.2 61.00 313.00 374.00 NOTE
r-patched-linux-x86_64 1.4.2 62.70 340.27 402.97 OK
r-release-linux-x86_64 1.4.2 59.55 345.17 404.72 OK
r-release-macos-arm64 1.4.2 321.00 NOTE
r-release-macos-x86_64 1.4.2 953.00 NOTE
r-release-windows-x86_64 1.4.2 78.00 371.00 449.00 NOTE
r-oldrel-macos-arm64 1.4.2 278.00 NOTE
r-oldrel-windows-x86_64 1.4.2 61.00 358.00 419.00 NOTE

Check Details

Version: 1.4.2
Check: package dependencies
Result: NOTE Packages suggested but not available for checking: 'SeqArray', 'SeqVarTools' Flavor: r-devel-linux-x86_64-fedora-clang

Version: 1.4.2
Check: package dependencies
Result: NOTE Package suggested but not available for checking: 'doMC' Flavors: r-devel-windows-x86_64, r-release-windows-x86_64, r-oldrel-windows-x86_64

Version: 1.4.2
Check: installed package size
Result: NOTE installed size is 7.6Mb sub-directories of 1Mb or more: libs 5.7Mb Flavors: r-release-macos-arm64, r-release-macos-x86_64, r-oldrel-macos-arm64

Version: 1.4.2
Check: package dependencies
Result: NOTE Package suggested but not available for checking: ‘SeqVarTools’ Flavor: r-release-macos-x86_64

Version: 1.4.2
Check: package dependencies
Result: NOTE Package suggested but not available for checking: ‘SeqArray’ Flavor: r-oldrel-macos-arm64