CRAN Package Check Results for Package GMKMcharlie

Last updated on 2022-12-07 19:53:02 CET.

Flavor Version Tinstall Tcheck Ttotal Status Flags
r-devel-linux-x86_64-debian-clang 1.1.5 179.29 64.17 243.46 NOTE
r-devel-linux-x86_64-debian-gcc 1.1.5 143.89 50.78 194.67 NOTE
r-devel-linux-x86_64-fedora-clang 1.1.5 352.79 NOTE
r-devel-linux-x86_64-fedora-gcc 1.1.5 348.04 NOTE
r-devel-windows-x86_64 1.1.5 134.00 118.00 252.00 NOTE
r-patched-linux-x86_64 1.1.5 141.87 66.37 208.24 NOTE
r-release-linux-x86_64 1.1.5 145.08 64.56 209.64 NOTE
r-release-macos-arm64 1.1.5 91.00 NOTE
r-release-macos-x86_64 1.1.5 114.00 NOTE
r-release-windows-x86_64 1.1.5 139.00 118.00 257.00 NOTE
r-oldrel-macos-arm64 1.1.5 103.00 NOTE
r-oldrel-macos-x86_64 1.1.5 114.00 NOTE
r-oldrel-windows-ix86+x86_64 1.1.5 405.00 154.00 559.00 NOTE

Check Details

Version: 1.1.5
Check: for GNU extensions in Makefiles
Result: NOTE
    GNU make is a SystemRequirements.
Flavors: r-devel-linux-x86_64-debian-clang, r-devel-linux-x86_64-debian-gcc, r-devel-linux-x86_64-fedora-clang, r-devel-linux-x86_64-fedora-gcc, r-devel-windows-x86_64, r-patched-linux-x86_64, r-release-linux-x86_64, r-release-macos-arm64, r-release-macos-x86_64, r-release-windows-x86_64, r-oldrel-macos-arm64, r-oldrel-macos-x86_64, r-oldrel-windows-ix86+x86_64

Version: 1.1.5
Check: installed package size
Result: NOTE
     installed size is 9.6Mb
     sub-directories of 1Mb or more:
     libs 9.5Mb
Flavors: r-release-macos-arm64, r-release-macos-x86_64, r-oldrel-macos-arm64, r-oldrel-macos-x86_64