Last updated on 2022-08-09 20:53:50 CEST.
Flavor | Version | Tinstall | Tcheck | Ttotal | Status | Flags |
---|---|---|---|---|---|---|
r-devel-linux-x86_64-debian-clang | 2.1.1 | 42.16 | 128.44 | 170.60 | NOTE | |
r-devel-linux-x86_64-debian-gcc | 2.1.1 | 32.61 | 93.86 | 126.47 | NOTE | |
r-devel-linux-x86_64-fedora-clang | 2.1.1 | 221.22 | NOTE | |||
r-devel-linux-x86_64-fedora-gcc | 2.1.1 | 213.26 | NOTE | |||
r-devel-windows-x86_64 | 2.1.1 | 51.00 | 197.00 | 248.00 | NOTE | |
r-patched-linux-x86_64 | 2.1.1 | 36.31 | 125.05 | 161.36 | OK | |
r-release-linux-x86_64 | 2.1.1 | OK | ||||
r-release-macos-arm64 | 2.1.1 | 75.00 | NOTE | |||
r-release-macos-x86_64 | 2.1.1 | 171.00 | NOTE | |||
r-release-windows-x86_64 | 2.1.1 | 50.00 | 204.00 | 254.00 | OK | |
r-oldrel-macos-arm64 | 2.1.1 | 60.00 | NOTE | |||
r-oldrel-macos-x86_64 | 2.1.1 | 100.00 | NOTE | |||
r-oldrel-windows-ix86+x86_64 | 2.1.1 | 94.00 | 186.00 | 280.00 | OK |
Version: 2.1.1
Check: Rd files
Result: NOTE
checkRd: (-1) boot_eip.Rd:50: Escaped LaTeX specials: \&
checkRd: (-1) constrained.Rd:93: Escaped LaTeX specials: \&
Flavors: r-devel-linux-x86_64-debian-clang, r-devel-linux-x86_64-debian-gcc, r-devel-linux-x86_64-fedora-clang, r-devel-linux-x86_64-fedora-gcc, r-devel-windows-x86_64
Version: 2.1.1
Check: dependencies in R code
Result: NOTE
Namespaces in Imports field not imported from:
‘Rdpack’ ‘mathjaxr’
All declared Imports should be used.
Flavors: r-devel-linux-x86_64-fedora-clang, r-devel-linux-x86_64-fedora-gcc, r-release-macos-arm64, r-release-macos-x86_64, r-oldrel-macos-arm64, r-oldrel-macos-x86_64