CRAN Package Check Results for Package FitUltD

Last updated on 2022-12-07 19:53:00 CET.

Flavor Version Tinstall Tcheck Ttotal Status Flags
r-devel-linux-x86_64-debian-clang 3.1.0 11.73 104.86 116.59 NOTE
r-devel-linux-x86_64-debian-gcc 3.1.0 9.05 76.44 85.49 NOTE
r-devel-linux-x86_64-fedora-clang 3.1.0 151.57 NOTE
r-devel-linux-x86_64-fedora-gcc 3.1.0 147.85 NOTE
r-devel-windows-x86_64 3.1.0 17.00 121.00 138.00 NOTE
r-patched-linux-x86_64 3.1.0 9.16 102.16 111.32 NOTE
r-release-linux-x86_64 3.1.0 11.80 101.27 113.07 NOTE
r-release-macos-arm64 3.1.0 36.00 NOTE
r-release-macos-x86_64 3.1.0 72.00 NOTE
r-release-windows-x86_64 3.1.0 16.00 123.00 139.00 NOTE
r-oldrel-macos-arm64 3.1.0 44.00 NOTE
r-oldrel-macos-x86_64 3.1.0 76.00 NOTE
r-oldrel-windows-ix86+x86_64 3.1.0 25.00 117.00 142.00 NOTE

Check Details

Version: 3.1.0
Check: LazyData
Result: NOTE
     'LazyData' is specified without a 'data' directory
Flavors: r-devel-linux-x86_64-debian-clang, r-devel-linux-x86_64-debian-gcc, r-devel-linux-x86_64-fedora-clang, r-devel-linux-x86_64-fedora-gcc, r-devel-windows-x86_64, r-patched-linux-x86_64, r-release-linux-x86_64, r-release-macos-arm64, r-release-macos-x86_64, r-release-windows-x86_64, r-oldrel-macos-arm64, r-oldrel-macos-x86_64, r-oldrel-windows-ix86+x86_64