CRAN Package Check Results for Package Families

Last updated on 2024-02-23 07:52:08 CET.

Flavor Version Tinstall Tcheck Ttotal Status Flags
r-devel-linux-x86_64-debian-clang 1.0.1 ERROR
r-devel-linux-x86_64-debian-gcc 1.0.1 7.29 66.81 74.10 ERROR
r-devel-linux-x86_64-fedora-clang 1.0.1 123.08 NOTE
r-devel-linux-x86_64-fedora-gcc 1.0.1 141.21 NOTE
r-devel-windows-x86_64 1.0.1 8.00 86.00 94.00 OK
r-patched-linux-x86_64 1.0.1 6.77 84.82 91.59 ERROR
r-release-linux-x86_64 1.0.1 7.75 86.96 94.71 OK
r-release-macos-arm64 1.0.1 48.00 OK
r-release-macos-x86_64 1.0.1 71.00 OK
r-release-windows-x86_64 1.0.1 10.00 104.00 114.00 OK
r-oldrel-macos-arm64 1.0.1 45.00 OK
r-oldrel-windows-x86_64 1.0.1 10.00 100.00 110.00 OK

Check Details

Version: 1.0.1
Check: Rd files
Result: NOTE checkRd: (-1) Multistate.Rd:16: Lost braces 16 | item{S}{the multistate survival function (S) and multistate transition probabilities (P)} | ^ checkRd: (-1) Multistate.Rd:16: Lost braces 16 | item{S}{the multistate survival function (S) and multistate transition probabilities (P)} | ^ checkRd: (-1) Multistate.Rd:17: Lost braces 17 | item{mslt}{other measures of the multistate life table: person-years (L); expectation at birth of sojourn times in the various states (e0); expectation at age x of the remaining expected sojourn times in the various states: population-based measures (e.p); expectation at age x of the remaining expected sojourn times in the various states: status-based measures (e.p)} | ^ checkRd: (-1) Multistate.Rd:17: Lost braces 17 | item{mslt}{other measures of the multistate life table: person-years (L); expectation at birth of sojourn times in the various states (e0); expectation at age x of the remaining expected sojourn times in the various states: population-based measures (e.p); expectation at age x of the remaining expected sojourn times in the various states: status-based measures (e.p)} | ^ Flavors: r-devel-linux-x86_64-debian-clang, r-devel-linux-x86_64-debian-gcc, r-devel-linux-x86_64-fedora-clang, r-devel-linux-x86_64-fedora-gcc

Version: 1.0.1
Check: re-building of vignette outputs
Result: ERROR Error(s) in re-building vignettes: ... --- re-building ‘Families_Virtual.Rmd’ using rmarkdown Could not fetch http://www.zotero.org/styles/springer-socpsych-author-date HttpExceptionRequest Request { host = "www.zotero.org" port = 80 secure = False requestHeaders = [] path = "/styles/springer-socpsych-author-date" queryString = "" method = "GET" proxy = Nothing rawBody = False redirectCount = 10 responseTimeout = ResponseTimeoutDefault requestVersion = HTTP/1.1 proxySecureMode = ProxySecureWithConnect } (InternalException (HandshakeFailed (Error_Protocol "peer does not support Extended Main Secret" HandshakeFailure))) Error: processing vignette 'Families_Virtual.Rmd' failed with diagnostics: pandoc document conversion failed with error 61 --- failed re-building ‘Families_Virtual.Rmd’ SUMMARY: processing the following file failed: ‘Families_Virtual.Rmd’ Error: Vignette re-building failed. Execution halted Flavors: r-devel-linux-x86_64-debian-clang, r-devel-linux-x86_64-debian-gcc, r-patched-linux-x86_64