CRAN Package Check Results for Package FIESTAutils

Last updated on 2022-12-03 07:56:35 CET.

Flavor Version Tinstall Tcheck Ttotal Status Flags
r-devel-linux-x86_64-debian-clang 1.1.4 63.84 123.52 187.36 OK
r-devel-linux-x86_64-debian-gcc 1.1.4 48.65 89.47 138.12 OK
r-devel-linux-x86_64-fedora-clang 1.1.4 256.52 OK
r-devel-linux-x86_64-fedora-gcc 1.1.4 246.40 OK
r-devel-windows-x86_64 1.1.4 150.00 166.00 316.00 OK
r-patched-linux-x86_64 1.1.4 57.29 114.50 171.79 OK
r-release-linux-x86_64 1.1.4 51.82 113.14 164.96 OK
r-release-macos-arm64 1.1.4 58.00 NOTE
r-release-macos-x86_64 1.1.4 75.00 NOTE
r-release-windows-x86_64 1.1.4 119.00 162.00 281.00 OK
r-oldrel-macos-arm64 1.1.4 55.00 NOTE
r-oldrel-macos-x86_64 1.1.4 77.00 NOTE
r-oldrel-windows-ix86+x86_64 1.1.4 130.00 192.00 322.00 NOTE

Check Details

Version: 1.1.4
Check: installed package size
Result: NOTE
     installed size is 7.0Mb
     sub-directories of 1Mb or more:
     data 3.1Mb
     libs 3.2Mb
Flavors: r-release-macos-arm64, r-release-macos-x86_64, r-oldrel-macos-arm64, r-oldrel-macos-x86_64, r-oldrel-windows-ix86+x86_64