CRAN Package Check Results for Package FIESTA

Last updated on 2023-03-25 07:59:33 CET.

Flavor Version Tinstall Tcheck Ttotal Status Flags
r-devel-linux-x86_64-debian-clang 3.5.1 47.71 519.50 567.21 OK
r-devel-linux-x86_64-debian-gcc 3.5.1 38.53 385.69 424.22 OK
r-devel-linux-x86_64-fedora-clang 3.5.1 669.24 NOTE
r-devel-linux-x86_64-fedora-gcc 3.5.1 651.18 OK
r-devel-windows-x86_64 3.5.1 80.00 494.00 574.00 NOTE
r-patched-linux-x86_64 3.5.1 45.78 454.05 499.83 OK
r-release-linux-x86_64 3.5.1 43.57 464.69 508.26 OK
r-release-macos-arm64 3.5.1 111.00 NOTE
r-release-macos-x86_64 3.5.1 190.00 NOTE
r-release-windows-x86_64 3.5.1 122.00 472.00 594.00 NOTE
r-oldrel-macos-arm64 3.5.1 124.00 NOTE
r-oldrel-macos-x86_64 3.5.1 202.00 NOTE
r-oldrel-windows-ix86+x86_64 3.5.1 82.00 434.00 516.00 NOTE

Check Details

Version: 3.5.1
Check: installed package size
Result: NOTE
     installed size is 9.7Mb
     sub-directories of 1Mb or more:
     R 4.3Mb
     doc 1.9Mb
     extdata 2.1Mb
Flavors: r-devel-linux-x86_64-fedora-clang, r-devel-windows-x86_64, r-release-macos-arm64, r-release-macos-x86_64, r-release-windows-x86_64, r-oldrel-macos-arm64, r-oldrel-macos-x86_64, r-oldrel-windows-ix86+x86_64