Last updated on 2023-04-01 08:55:40 CEST.
Flavor | Version | Tinstall | Tcheck | Ttotal | Status | Flags |
---|---|---|---|---|---|---|
r-devel-linux-x86_64-debian-clang | 2.3.0 | 5.33 | 54.88 | 60.21 | OK | |
r-devel-linux-x86_64-debian-gcc | 2.3.0 | 4.58 | 41.07 | 45.65 | OK | |
r-devel-linux-x86_64-fedora-clang | 2.3.0 | 78.05 | NOTE | |||
r-devel-linux-x86_64-fedora-gcc | 2.3.0 | 84.44 | NOTE | |||
r-devel-windows-x86_64 | 2.2.4 | 36.00 | 0.00 | 36.00 | OK | |
r-patched-linux-x86_64 | 2.2.4 | 6.07 | 68.04 | 74.11 | OK | |
r-release-linux-x86_64 | 2.2.4 | 6.54 | 70.14 | 76.68 | OK | |
r-release-macos-arm64 | 2.2.4 | 35.00 | OK | |||
r-release-macos-x86_64 | 2.2.4 | 47.00 | OK | |||
r-release-windows-x86_64 | 2.2.4 | 33.00 | 130.00 | 163.00 | OK | |
r-oldrel-macos-arm64 | 2.2.4 | 34.00 | OK | |||
r-oldrel-macos-x86_64 | 2.2.4 | 50.00 | OK | |||
r-oldrel-windows-ix86+x86_64 | 2.3.0 | 13.00 | 85.00 | 98.00 | OK |
Version: 2.3.0
Check: data for non-ASCII characters
Result: NOTE
Note: found 179 marked UTF-8 strings
Flavors: r-devel-linux-x86_64-fedora-clang, r-devel-linux-x86_64-fedora-gcc