CRAN Package Check Results for Package EventStudy

Last updated on 2022-12-02 19:49:38 CET.

Flavor Version Tinstall Tcheck Ttotal Status Flags
r-devel-linux-x86_64-debian-clang 0.39 19.88 90.48 110.36 OK
r-devel-linux-x86_64-debian-gcc 0.39 12.02 66.60 78.62 OK
r-devel-linux-x86_64-fedora-clang 0.39 140.96 NOTE
r-devel-linux-x86_64-fedora-gcc 0.39 145.45 NOTE
r-devel-windows-x86_64 0.39 48.00 132.00 180.00 NOTE
r-patched-linux-x86_64 0.39 17.59 79.09 96.68 OK
r-release-linux-x86_64 0.39 17.31 79.11 96.42 OK
r-release-macos-arm64 0.39 43.00 NOTE
r-release-macos-x86_64 0.39 58.00 NOTE
r-release-windows-x86_64 0.39 55.00 133.00 188.00 NOTE
r-oldrel-macos-arm64 0.39 47.00 NOTE
r-oldrel-macos-x86_64 0.39 64.00 NOTE
r-oldrel-windows-ix86+x86_64 0.39 35.00 116.00 151.00 NOTE

Check Details

Version: 0.39
Check: installed package size
Result: NOTE
     installed size is 7.0Mb
     sub-directories of 1Mb or more:
     doc 6.0Mb
Flavors: r-devel-linux-x86_64-fedora-clang, r-devel-windows-x86_64, r-release-macos-arm64, r-release-macos-x86_64, r-release-windows-x86_64, r-oldrel-macos-arm64, r-oldrel-macos-x86_64, r-oldrel-windows-ix86+x86_64

Version: 0.39
Check: dependencies in R code
Result: NOTE
    Namespaces in Imports field not imported from:
     ‘RColorBrewer’ ‘curl’ ‘scales’ ‘stringr’ ‘tidyquant’
     All declared Imports should be used.
Flavors: r-devel-linux-x86_64-fedora-clang, r-devel-linux-x86_64-fedora-gcc, r-release-macos-arm64, r-release-macos-x86_64, r-oldrel-macos-arm64, r-oldrel-macos-x86_64

Version: 0.39
Check: Rd cross-references
Result: NOTE
    Undeclared package ‘R6’ in Rd xrefs
Flavor: r-devel-linux-x86_64-fedora-clang