Last updated on 2023-03-28 08:54:48 CEST.
Flavor | Version | Tinstall | Tcheck | Ttotal | Status | Flags |
---|---|---|---|---|---|---|
r-devel-linux-x86_64-debian-clang | 0.3.5 | 11.41 | 140.88 | 152.29 | OK | |
r-devel-linux-x86_64-debian-gcc | 0.3.5 | 9.75 | 100.94 | 110.69 | OK | |
r-devel-linux-x86_64-fedora-clang | 0.3.5 | 193.50 | OK | |||
r-devel-linux-x86_64-fedora-gcc | 0.3.5 | 190.20 | OK | |||
r-patched-linux-x86_64 | 0.3.5 | 9.15 | 133.41 | 142.56 | OK | |
r-release-linux-x86_64 | 0.3.5 | 7.40 | 138.48 | 145.88 | OK | |
r-release-macos-arm64 | 0.3.5 | 49.00 | OK | |||
r-release-macos-x86_64 | 0.3.5 | 108.00 | OK | |||
r-release-windows-x86_64 | 0.3.5 | 44.00 | 173.00 | 217.00 | OK | |
r-oldrel-macos-arm64 | 0.3.5 | 56.00 | OK | |||
r-oldrel-macos-x86_64 | 0.3.5 | 88.00 | OK | |||
r-oldrel-windows-ix86+x86_64 | 0.3.5 | 24.00 | 175.00 | 199.00 | NOTE |
Version: 0.3.5
Check: R code for possible problems
Result: NOTE
Initiating curl with CURL_SSL_BACKEND: openssl
Flavor: r-oldrel-windows-ix86+x86_64