CRAN Package Check Results for Package EmissV

Last updated on 2022-11-29 06:50:47 CET.

Flavor Version Tinstall Tcheck Ttotal Status Flags
r-devel-linux-x86_64-debian-clang 0.665.6.3 35.34 420.38 455.72 NOTE
r-devel-linux-x86_64-debian-gcc 0.665.6.3 29.96 306.74 336.70 NOTE
r-devel-linux-x86_64-fedora-clang 0.665.6.3 593.15 NOTE
r-devel-linux-x86_64-fedora-gcc 0.665.6.3 571.89 NOTE
r-devel-windows-x86_64 0.665.6.3 40.00 450.00 490.00 OK
r-patched-linux-x86_64 0.665.6.3 35.84 407.62 443.46 NOTE
r-release-linux-x86_64 0.665.6.3 36.07 411.93 448.00 NOTE
r-release-macos-arm64 0.665.6.3 97.00 OK
r-release-macos-x86_64 0.665.6.3 157.00 OK
r-release-windows-x86_64 0.665.6.3 38.00 450.00 488.00 OK
r-oldrel-macos-arm64 0.665.6.3 101.00 OK
r-oldrel-macos-x86_64 0.665.6.3 154.00 OK
r-oldrel-windows-ix86+x86_64 0.665.6.3 73.00 448.00 521.00 OK

Additional issues

donttest

Check Details

Version: 0.665.6.3
Check: package dependencies
Result: NOTE
    Package suggested but not available for checking: 'osmar'
Flavors: r-devel-linux-x86_64-debian-clang, r-devel-linux-x86_64-debian-gcc, r-devel-linux-x86_64-fedora-clang, r-devel-linux-x86_64-fedora-gcc, r-patched-linux-x86_64, r-release-linux-x86_64