Last updated on 2023-03-28 08:54:48 CEST.
Flavor | Version | Tinstall | Tcheck | Ttotal | Status | Flags |
---|---|---|---|---|---|---|
r-devel-linux-x86_64-debian-clang | 2.1.2 | 36.44 | 67.38 | 103.82 | OK | |
r-devel-linux-x86_64-debian-gcc | 2.1.2 | 23.09 | 49.48 | 72.57 | OK | |
r-devel-linux-x86_64-fedora-clang | 2.1.2 | 137.09 | NOTE | |||
r-devel-linux-x86_64-fedora-gcc | 2.1.2 | 135.12 | NOTE | |||
r-devel-windows-x86_64 | 2.1.2 | 38.00 | 160.00 | 198.00 | OK | |
r-patched-linux-x86_64 | 2.1.2 | 22.97 | 65.66 | 88.63 | OK | |
r-release-linux-x86_64 | 2.1.2 | 20.79 | 65.02 | 85.81 | OK | |
r-release-macos-arm64 | 2.1.2 | 47.00 | NOTE | |||
r-release-macos-x86_64 | 2.1.2 | 64.00 | NOTE | |||
r-release-windows-x86_64 | 2.1.2 | 129.00 | 200.00 | 329.00 | OK | |
r-oldrel-macos-arm64 | 2.1.2 | 48.00 | NOTE | |||
r-oldrel-macos-x86_64 | 2.1.2 | 66.00 | NOTE | |||
r-oldrel-windows-ix86+x86_64 | 2.1.2 | 54.00 | 124.00 | 178.00 | OK |
Version: 2.1.2
Check: dependencies in R code
Result: NOTE
Namespace in Imports field not imported from: ‘Matrix’
All declared Imports should be used.
Flavors: r-devel-linux-x86_64-fedora-clang, r-devel-linux-x86_64-fedora-gcc
Version: 2.1.2
Check: dependencies in R code
Result: NOTE
Namespaces in Imports field not imported from:
‘Matrix’ ‘Rtsne’ ‘uwot’
All declared Imports should be used.
Flavors: r-release-macos-arm64, r-release-macos-x86_64, r-oldrel-macos-arm64, r-oldrel-macos-x86_64