Last updated on 2023-10-02 20:11:58 CEST.
Flavor | Version | Tinstall | Tcheck | Ttotal | Status | Flags |
---|---|---|---|---|---|---|
r-devel-linux-x86_64-debian-clang | 0.46.11 | 73.16 | 194.54 | 267.70 | OK | |
r-devel-linux-x86_64-debian-gcc | 0.46.11 | 52.32 | 144.02 | 196.34 | OK | |
r-devel-linux-x86_64-fedora-clang | 0.46.11 | 358.39 | OK | |||
r-devel-linux-x86_64-fedora-gcc | 0.46.11 | 361.98 | OK | |||
r-devel-windows-x86_64 | 0.46.11 | 54.00 | 275.00 | 329.00 | NOTE | |
r-patched-linux-x86_64 | 0.46.11 | 71.78 | 186.53 | 258.31 | OK | |
r-release-linux-x86_64 | 0.46.11 | 71.00 | 187.60 | 258.60 | OK | |
r-release-macos-arm64 | 0.46.11 | 101.00 | OK | |||
r-release-macos-x86_64 | 0.46.11 | 156.00 | OK | |||
r-release-windows-x86_64 | 0.46.11 | 71.00 | 219.00 | 290.00 | NOTE | |
r-oldrel-macos-arm64 | 0.46.11 | 101.00 | OK | |||
r-oldrel-macos-x86_64 | 0.46.11 | 116.00 | OK | |||
r-oldrel-windows-x86_64 | 0.46.11 | 70.00 | 210.00 | 280.00 | OK |
Version: 0.46.11
Check: C++ specification
Result: NOTE
Specified C++11: please drop specification unless essential
Flavors: r-devel-windows-x86_64, r-release-windows-x86_64