CRAN Package Check Results for Package DysPIA

Last updated on 2022-12-05 07:53:39 CET.

Flavor Version Tinstall Tcheck Ttotal Status Flags
r-devel-linux-x86_64-debian-clang 1.3 25.27 51.61 76.88 OK
r-devel-linux-x86_64-debian-gcc 1.3 20.13 39.82 59.95 OK
r-devel-linux-x86_64-fedora-clang 1.3 113.07 OK
r-devel-linux-x86_64-fedora-gcc 1.3 103.02 OK
r-devel-windows-x86_64 1.3 37.00 100.00 137.00 NOTE
r-patched-linux-x86_64 1.3 20.79 48.31 69.10 OK
r-release-linux-x86_64 1.3 22.78 48.75 71.53 OK
r-release-macos-arm64 1.3 34.00 NOTE
r-release-macos-x86_64 1.3 43.00 NOTE
r-release-windows-x86_64 1.3 41.00 101.00 142.00 NOTE
r-oldrel-macos-arm64 1.3 41.00 NOTE
r-oldrel-macos-x86_64 1.3 55.00 NOTE
r-oldrel-windows-ix86+x86_64 1.3 58.00 117.00 175.00 NOTE

Check Details

Version: 1.3
Check: installed package size
Result: NOTE
     installed size is 5.1Mb
     sub-directories of 1Mb or more:
     data 3.9Mb
     libs 1.0Mb
Flavors: r-devel-windows-x86_64, r-release-macos-arm64, r-release-macos-x86_64, r-release-windows-x86_64, r-oldrel-macos-arm64, r-oldrel-macos-x86_64, r-oldrel-windows-ix86+x86_64