Last updated on 2023-04-01 08:55:39 CEST.
Flavor | Version | Tinstall | Tcheck | Ttotal | Status | Flags |
---|---|---|---|---|---|---|
r-devel-linux-x86_64-debian-clang | 1.0 | 340.02 | 131.81 | 471.83 | NOTE | |
r-devel-linux-x86_64-debian-gcc | 1.0 | 253.01 | 108.75 | 361.76 | NOTE | |
r-devel-linux-x86_64-fedora-clang | 1.0 | 708.87 | NOTE | |||
r-devel-linux-x86_64-fedora-gcc | 1.0 | 615.49 | NOTE | |||
r-devel-windows-x86_64 | 1.0 | 255.00 | 198.00 | 453.00 | NOTE | |
r-patched-linux-x86_64 | 1.0 | 271.16 | 131.86 | 403.02 | NOTE | |
r-release-linux-x86_64 | 1.0 | 274.08 | 131.96 | 406.04 | OK | |
r-release-macos-arm64 | 1.0 | 144.00 | NOTE | |||
r-release-macos-x86_64 | 1.0 | 201.00 | NOTE | |||
r-release-windows-x86_64 | 1.0 | 258.00 | 201.00 | 459.00 | NOTE | |
r-oldrel-macos-arm64 | 1.0 | 144.00 | NOTE | |||
r-oldrel-macos-x86_64 | 1.0 | 201.00 | NOTE | |||
r-oldrel-windows-ix86+x86_64 | 1.0 | 789.00 | 237.00 | 1026.00 | NOTE |
Version: 1.0
Check: C++ specification
Result: NOTE
Specified C++11: please drop specification unless essential
Flavors: r-devel-linux-x86_64-debian-clang, r-devel-linux-x86_64-debian-gcc, r-devel-linux-x86_64-fedora-clang, r-devel-linux-x86_64-fedora-gcc, r-devel-windows-x86_64, r-patched-linux-x86_64
Version: 1.0
Check: installed package size
Result: NOTE
installed size is 5.4Mb
sub-directories of 1Mb or more:
data 3.1Mb
libs 1.8Mb
Flavors: r-devel-windows-x86_64, r-release-macos-arm64, r-release-macos-x86_64, r-release-windows-x86_64, r-oldrel-macos-arm64, r-oldrel-macos-x86_64, r-oldrel-windows-ix86+x86_64