CRAN Package Check Results for Package DriveML

Last updated on 2022-08-07 08:57:16 CEST.

Flavor Version Tinstall Tcheck Ttotal Status Flags
r-devel-linux-x86_64-debian-clang 0.1.4 26.61 222.15 248.76 OK
r-devel-linux-x86_64-debian-gcc 0.1.4 16.70 213.54 230.24 OK
r-devel-linux-x86_64-fedora-clang 0.1.4 292.21 NOTE
r-devel-linux-x86_64-fedora-gcc 0.1.4 290.48 NOTE
r-devel-windows-x86_64 0.1.4 168.00 224.00 392.00 OK
r-patched-linux-x86_64 0.1.4 15.90 209.06 224.96 OK
r-release-linux-x86_64 0.1.4 15.16 212.57 227.73 OK
r-release-macos-arm64 0.1.4 83.00 NOTE
r-release-macos-x86_64 0.1.4 130.00 NOTE
r-release-windows-x86_64 0.1.4 193.00 229.00 422.00 OK
r-oldrel-macos-arm64 0.1.4 88.00 NOTE
r-oldrel-macos-x86_64 0.1.4 104.00 NOTE
r-oldrel-windows-ix86+x86_64 0.1.4 48.00 228.00 276.00 OK

Check Details

Version: 0.1.4
Check: data for non-ASCII characters
Result: NOTE
     Note: found 8 marked UTF-8 strings
Flavors: r-devel-linux-x86_64-fedora-clang, r-devel-linux-x86_64-fedora-gcc, r-release-macos-arm64, r-release-macos-x86_64, r-oldrel-macos-arm64, r-oldrel-macos-x86_64