Last updated on 2023-12-01 07:50:02 CET.
Flavor | Version | Tinstall | Tcheck | Ttotal | Status | Flags |
---|---|---|---|---|---|---|
r-devel-linux-x86_64-debian-clang | 1.0.6 | 42.40 | 401.93 | 444.33 | NOTE | |
r-devel-linux-x86_64-debian-gcc | 1.0.6 | 38.10 | 308.53 | 346.63 | NOTE | |
r-devel-linux-x86_64-fedora-clang | 1.0.6 | 584.93 | NOTE | |||
r-devel-linux-x86_64-fedora-gcc | 1.0.6 | 568.06 | NOTE | |||
r-devel-windows-x86_64 | 1.0.6 | 33.00 | 244.00 | 277.00 | OK | |
r-patched-linux-x86_64 | 1.0.6 | 39.47 | 383.41 | 422.88 | NOTE | |
r-release-linux-x86_64 | 1.0.6 | 30.55 | 379.95 | 410.50 | NOTE | |
r-release-macos-arm64 | 1.0.6 | 144.00 | OK | |||
r-release-macos-x86_64 | 1.0.6 | 248.00 | OK | |||
r-release-windows-x86_64 | 1.0.6 | 49.00 | 321.00 | 370.00 | OK | |
r-oldrel-macos-arm64 | 1.0.6 | 111.00 | OK | |||
r-oldrel-macos-x86_64 | 1.0.6 | 226.00 | OK | |||
r-oldrel-windows-x86_64 | 1.0.6 | 47.00 | 329.00 | 376.00 | OK |
Version: 1.0.6
Check: package dependencies
Result: NOTE
Package suggested but not available for checking: ‘rgdal’
Flavors: r-devel-linux-x86_64-debian-clang, r-devel-linux-x86_64-debian-gcc, r-devel-linux-x86_64-fedora-clang, r-devel-linux-x86_64-fedora-gcc, r-patched-linux-x86_64, r-release-linux-x86_64