CRAN Package Check Results for Package DistributionOptimization

Last updated on 2022-12-07 19:52:59 CET.

Flavor Version Tinstall Tcheck Ttotal Status Flags
r-devel-linux-x86_64-debian-clang 1.2.6 7.87 66.37 74.24 NOTE
r-devel-linux-x86_64-debian-gcc 1.2.6 6.01 49.72 55.73 NOTE
r-devel-linux-x86_64-fedora-clang 1.2.6 103.12 NOTE
r-devel-linux-x86_64-fedora-gcc 1.2.6 97.39 NOTE
r-devel-windows-x86_64 1.2.6 83.00 93.00 176.00 NOTE
r-patched-linux-x86_64 1.2.6 5.78 63.53 69.31 NOTE
r-release-linux-x86_64 1.2.6 6.16 63.99 70.15 NOTE
r-release-macos-arm64 1.2.6 29.00 NOTE
r-release-macos-x86_64 1.2.6 64.00 NOTE
r-release-windows-x86_64 1.2.6 136.00 97.00 233.00 NOTE
r-oldrel-macos-arm64 1.2.6 39.00 NOTE
r-oldrel-macos-x86_64 1.2.6 53.00 NOTE
r-oldrel-windows-ix86+x86_64 1.2.6 19.00 92.00 111.00 NOTE

Check Details

Version: 1.2.6
Check: LazyData
Result: NOTE
     'LazyData' is specified without a 'data' directory
Flavors: r-devel-linux-x86_64-debian-clang, r-devel-linux-x86_64-debian-gcc, r-devel-linux-x86_64-fedora-clang, r-devel-linux-x86_64-fedora-gcc, r-devel-windows-x86_64, r-patched-linux-x86_64, r-release-linux-x86_64, r-release-macos-arm64, r-release-macos-x86_64, r-release-windows-x86_64, r-oldrel-macos-arm64, r-oldrel-macos-x86_64, r-oldrel-windows-ix86+x86_64