Last updated on 2025-01-18 19:49:05 CET.
Flavor | Version | Tinstall | Tcheck | Ttotal | Status | Flags |
---|---|---|---|---|---|---|
r-devel-linux-x86_64-debian-clang | 1.0.0 | 12.29 | 19.49 | 31.78 | NOTE | |
r-devel-linux-x86_64-debian-gcc | 1.0.0 | 8.36 | 15.58 | 23.94 | NOTE | |
r-devel-linux-x86_64-fedora-clang | 1.0.0 | 51.18 | NOTE | |||
r-devel-linux-x86_64-fedora-gcc | 1.0.0 | 48.93 | NOTE | |||
r-devel-windows-x86_64 | 1.0.0 | 14.00 | 47.00 | 61.00 | OK | |
r-patched-linux-x86_64 | 1.0.0 | 11.40 | 18.73 | 30.13 | NOTE | |
r-release-linux-x86_64 | 1.0.0 | 11.75 | 18.95 | 30.70 | NOTE | |
r-release-macos-arm64 | 1.0.0 | 20.00 | NOTE | |||
r-release-macos-x86_64 | 1.0.0 | 32.00 | NOTE | |||
r-release-windows-x86_64 | 1.0.0 | 12.00 | 49.00 | 61.00 | NOTE | |
r-oldrel-macos-arm64 | 1.0.0 | 6.00 | ERROR | |||
r-oldrel-macos-x86_64 | 1.0.0 | 35.00 | NOTE | |||
r-oldrel-windows-x86_64 | 1.0.0 | 14.00 | 49.00 | 63.00 | NOTE |
Version: 1.0.0
Check: Rd contents
Result: NOTE
Auto-generated content requiring editing in Rd file 'DNLC_statistics.Rd':
\keyword: ‘~kwd1’
\keyword: ‘~kwd2’
Auto-generated content requiring editing in Rd file 'cal_lmi_data.Rd':
\keyword: ‘~kwd1’
\keyword: ‘~kwd2’
Auto-generated content requiring editing in Rd file 'gene_fdrtest.Rd':
\keyword: ‘~kwd1’
\keyword: ‘~kwd2’
Auto-generated content requiring editing in Rd file 'init_simulation_gene_net.Rd':
\keyword: ‘~kwd1’
\keyword: ‘~kwd2’
Auto-generated content requiring editing in Rd file 'significant_genes.Rd':
\keyword: ‘~kwd1’
\keyword: ‘~kwd2’
Flavors: r-devel-linux-x86_64-debian-clang, r-devel-linux-x86_64-debian-gcc, r-patched-linux-x86_64, r-release-linux-x86_64
Version: 1.0.0
Check: dependencies in R code
Result: NOTE
Namespaces in Imports field not imported from:
‘GOstats’ ‘caTools’ ‘fdrtool’
All declared Imports should be used.
Flavors: r-devel-linux-x86_64-fedora-clang, r-devel-linux-x86_64-fedora-gcc
Version: 1.0.0
Check: LazyData
Result: NOTE
'LazyData' is specified without a 'data' directory
Flavors: r-patched-linux-x86_64, r-release-linux-x86_64, r-release-macos-arm64, r-release-macos-x86_64, r-release-windows-x86_64, r-oldrel-macos-x86_64, r-oldrel-windows-x86_64
Version: 1.0.0
Check: package dependencies
Result: ERROR
Package required but not available: ‘GOstats’
See section ‘The DESCRIPTION file’ in the ‘Writing R Extensions’
manual.
Flavor: r-oldrel-macos-arm64